5*w + 5*m - 50. Let t = 42 + w. Let o be (-2)/(-5) - 46/(-10). Calculate the greatest common divisor of t and o.
5
Suppose -114 = -s + 86. What is the highest common factor of 20 and s?
20
Let g be 10/4 + 4/24*9. Calculate the greatest common factor of g and 28.
4
Suppose -k - c + 13 = 3*c, 15 = 5*k - 5*c. Let z(d) = -2*d - 5. Let f be z(-4). Suppose -k = -f*r + 2*r. What is the highest common divisor of r and 55?
5
Let y(a) = a**2 + a - 14. Let w be y(10). Calculate the greatest common factor of 12 and w.
12
Suppose -3*m + 132 - 20 = -4*h, -4*m = 2*h - 142. Let n be (-24)/(-1) - (-1 + 1). What is the greatest common divisor of n and m?
12
Let q(b) = b**3 - 5*b**2 + b + 1. Let x be q(5). Let i be x*(3 - (-1 - -3)). Let d be (i/5)/(4/30). Calculate the highest common divisor of 36 and d.
9
Let g be (-120)/(-75) + 2/5. Calculate the highest common factor of g and 1.
1
Let b(q) = 11*q**2 - 1. Let a be b(-1). Suppose -2*z + 7*z = a. Let d be ((-2)/(-6))/(z/12). What is the highest common factor of 22 and d?
2
Let b = -86 - -182. Calculate the highest common divisor of b and 64.
32
Let a = -1 - -6. Suppose 0*z - a = -z. Suppose z*y + 4 = 54. Calculate the highest common factor of 25 and y.
5
Let t = -8 + 41. Let o be (7/21)/(1/156). Let m = o - 30. Calculate the greatest common divisor of t and m.
11
Suppose -5*j - 1 = -31. Calculate the highest common divisor of 18 and j.
6
Let a = -29 + 55. Calculate the greatest common factor of a and 104.
26
Suppose -x + 24 = -0*x. Suppose 4*l - 2 = -5*f + 4, -8 = 4*f. Let m be 3/(1/(l + -2)). Calculate the highest common factor of m and x.
6
Suppose 3*n - 25 = -h, 70 = 5*n - 7*h + 3*h. Let p = n - 3. Suppose 0 = 3*z + 2*z - 20, 2*g + z = 158. Calculate the greatest common factor of g and p.
7
Suppose 2*a = -a. Suppose -3*z + 173 = -4*f, a = 2*z - 3*z - 4*f + 79. Let l be (-2)/(-3)*z/6. Calculate the greatest common factor of l and 7.
7
Suppose -5*h = -b + 65, 5*h - 2*b + 80 - 15 = 0. Let y = 17 - h. Calculate the greatest common factor of y and 210.
30
Suppose -4*w = -7*w + 21. Suppose -2*m + 1 = -w. Suppose -3*a + 0*a = -v + 20, -m*v = 3*a - 65. What is the highest common divisor of v and 136?
17
Suppose -149 = -2*w - 9. Calculate the greatest common factor of 14 and w.
14
Let v be (-390)/12*(-3 + 1). Suppose 0 = -2*a - y - 0*y - v, -2*a - 80 = 4*y. Let p = 26 - a. What is the greatest common factor of 8 and p?
8
Suppose 4*l = -14 + 294. Calculate the greatest common divisor of l and 10.
10
Let c = -10 + 10. Suppose c*r = 4*r - 12. What is the highest common factor of r and 12?
3
Let o = 38 + -16. What is the greatest common divisor of 11 and o?
11
Let r(f) = f**3 + 4*f**2 - 6*f - 5. Let z be r(-5). Suppose 2*p - 313 = -3*y - z*p, p - 209 = -2*y. Calculate the greatest common factor of y and 15.
15
Let y be (-6 - (2 + -2))/(-2). Suppose y = x + 4. Let k be 62 + 6/((-3)/x). Calculate the highest common factor of k and 16.
16
Let z be 0 + (-4)/10 - 13671/(-315). Calculate the highest common divisor of z and 86.
43
Let d(w) = w**2 + w + 2. Let k be d(-2). Suppose -y - 18 = -k*y. Calculate the greatest common factor of y and 4.
2
Let p = -46 + 80. What is the greatest common divisor of p and 119?
17
Let y = -50 - -59. What is the greatest common divisor of 9 and y?
9
Let c(g) = 6*g**2 - 9*g - 17. Let w be c(-4). What is the highest common factor of 5 and w?
5
Let u = -270 + 478. What is the greatest common divisor of 26 and u?
26
Let a(j) = 2*j**2 - 18. Let w be a(-8). Let s = w + -47. Calculate the highest common divisor of s and 9.
9
Suppose -z = -68 + 230. Let c = 282 + z. What is the greatest common divisor of c and 15?
15
Let p(n) = n**2 + 3*n - 6. Let m be p(4). Suppose 3*q - 9 = 0, 0*q - 260 = -5*z + 5*q. Calculate the highest common factor of m and z.
11
Let u = 50 + -18. What is the greatest common divisor of 48 and u?
16
Suppose -s - 18 = 5*l - 56, l + 14 = s. What is the greatest common divisor of s and 2?
2
Suppose -4*c = c - 100. Let f(w) = w**3 + 12*w**2 + 12*w + 7. Let x be f(-11). Let z be (-6)/x + (-7)/(-2). What is the highest common divisor of z and c?
5
Let f be 2 + (-2 + 12)/1. Suppose 145 = 5*l - 3*p, -l + 3*l + p = 58. Let q = -5 + l. Calculate the highest common divisor of f and q.
12
Let h be (25 - 0)/(-1 + 0). Let f = -14 - h. Suppose 0*y = -2*y + 154. What is the greatest common factor of y and f?
11
Let y = -28 - -64. Suppose -4*z + y = -36. Suppose a = 2*a - z. What is the highest common factor of a and 198?
18
Let w be (-618)/4*(-16)/6. Suppose -3*s - 1430 = 4*g, 4*s = -2*g - w - 308. Let n be (-6)/(-15) - g/10. Calculate the highest common factor of 4 and n.
4
Suppose 3*t - 40 = 11. Calculate the greatest common factor of t and 153.
17
Let q = -4 - -6. Suppose 0 = -2*a + 4*v - 0*v - 6, -3*a + q*v = -3. Suppose a*f + 5 = 65. Calculate the greatest common factor of 220 and f.
20
Let j be 0 - (-18 - (0 - 0)). Let z be 6 + 3 + -2 - -2. Calculate the greatest common divisor of j and z.
9
Suppose 0 = -4*n - 2*u + 176, 0 = -5*n + 5*u + 122 + 98. What is the greatest common factor of 66 and n?
22
Suppose 0 = -5*f + 66 + 109. Suppose 0 = -3*s + 2*x + 25, 2*s + x = 3*s - 10. Calculate the greatest common divisor of s and f.
5
Let r be 100/6*72/30. Suppose -r = -2*y + 6. Calculate the greatest common factor of y and 23.
23
Suppose 3*q + 634 = 4*x, -1 = -4*q - 9. Suppose 3*d - x = -64. What is the highest common factor of 155 and d?
31
Suppose -5*g - 6 + 36 = 0. Let v = -3 - -5. Suppose 0 = m + v*m - 72. What is the highest common factor of m and g?
6
Suppose 8 = 3*i + 218. Let r = -30 - i. Calculate the highest common factor of 5 and r.
5
Let n(u) = 4*u + 3. Let f be n(5). Let s(v) = -69*v + 23. Let g be s(-3). What is the highest common factor of f and g?
23
Let x = 53 + -35. Suppose -x = 2*h - 4*h. Calculate the highest common divisor of h and 9.
9
Let a = 61 - 52. Calculate the highest common factor of a and 18.
9
Let f(c) = -c**3 + 2*c**2 + c - 2. Let i be f(-2). Suppose -g = -d + g + 20, 2*d - 35 = 5*g. Calculate the greatest common factor of d and i.
6
Suppose -5*s - 5*z - 5 = 0, 2*s + 4*z - z = -3. Let m be (-10)/(-5) + s + 1. What is the highest common divisor of m and 2?
1
Suppose 3*k = -2*x + 17, 2*x - 18 = -4*k + 4*x. Suppose -o = 4*o + k. Let l be 0 + o + (0 - -22). What is the greatest common factor of 105 and l?
21
Let h be (-27)/(-18) + 1/2. Let i be 14/4 - (-1)/h. What is the greatest common divisor of 32 and i?
4
Let y(x) = x + 7. Let o be y(-5). Suppose o*s - 5*r = 132 + 54, -10 = -5*r. Let t(a) = 2*a + 4. Let d be t(5). What is the greatest common factor of s and d?
14
Suppose 4*l - 24 = l. Calculate the highest common divisor of l and 72.
8
Let x be (-12)/16 - 154/8. Let l = x - -28. Calculate the highest common factor of 12 and l.
4
Let i(g) = 0*g**2 - 4*g**2 + 5*g**2 - 3*g**2 + 1 - 118*g**3. Let z be i(-1). What is the greatest common divisor of z and 13?
13
Let h be 5*2/(-8)*-56. Let i = h - 105. Let x = i + 61. What is the highest common factor of 13 and x?
13
Suppose p = 52 + 16. What is the highest common factor of 17 and p?
17
Suppose 0 = 3*y - 4*y + 69. Calculate the greatest common divisor of y and 23.
23
Suppose -4*n + 40 = 12. Suppose 0 = -0*u - u + n. What is the highest common divisor of 49 and u?
7
Let y = 41 + -27. Suppose 0*x + 2*x = -2. Let m be (x/3)/((-3)/63). Calculate the highest common factor of y and m.
7
Suppose 4*x = f + 8, 36 = 3*f - 0*f + 3*x. Suppose 0 = m - 3*w - 20, m = 2*m - 2*w - 16. Calculate the greatest common divisor of m and f.
8
Let j(c) = 3*c**2 + c - 1. Suppose -3*z - 2*z = 10. Let s be j(z). Suppose 0 = k + 4*k - 5. What is the highest common divisor of s and k?
1
Suppose 2*a = -a + 66. Suppose -a = -2*w + s, -5*s - 50 = -2*w - 2*w. Calculate the highest common divisor of w and 15.
5
Suppose -3*z = z - 64. Let r be (-1)/((-1)/(-39)*3). Let h = 83 - r. What is the highest common factor of z and h?
16
Let c(h) = 11*h**2 - h - 2. Let y be c(-1). What is the greatest common divisor of 25 and y?
5
Let q(d) = 8*d**3 + d**2 - 2*d + 1. Let w be q(2). Let c(y) = 11*y - y**2 + 1 - 4 - 8. Let o be c(8). What is the greatest common factor of w and o?
13
Suppose 2*d - 460 = 6*d. Let b = 239 + d. Let h be b/8 - (-2)/4. What is the highest com